et s be (2/(-4))/(2/24). What is the units digit of (s/4)/((-4)/96)?
6
Suppose 0 = -42*n + 40*n + 132. What is the tens digit of n?
6
Let f be 2/(-5) - (-27)/5. Let z(s) = s**3 - 6*s**2 + 4*s + 5. Let n be z(5). Suppose 0 = g - f, n*k - 3*k + g = -58. What is the units digit of k?
1
What is the units digit of 19*(-2 + 7 + 1)?
4
Let y(m) be the second derivative of m**5/20 + m**4/2 - m**3/6 - m**2 - 5*m. Suppose 0 = -4*g - g - 30. What is the units digit of y(g)?
4
Let o(y) = y**2 + 9*y - 11. What is the units digit of o(-13)?
1
Let s(r) = r**2 + 3*r - 5. Let d be s(-5). Suppose -4*w - 52 = -d*c, -4*c - w + 46 = -2*w. What is the units digit of c?
2
Let o(c) = -c**2 + 10*c + 11. Let b be o(8). Suppose p - b = -0. What is the tens digit of p?
2
Let u(i) be the third derivative of i**4/6 - 2*i**2. What is the tens digit of u(3)?
1
Suppose f + 4*g = -4*f + 27, 3*f = -4*g + 21. Suppose d = -2*c + f*d + 20, 0 = -5*c + 2*d + 38. What is the units digit of c?
6
Let y(s) = 8 + s**2 - 2 - 3 + 7*s + 3. What is the units digit of y(-8)?
4
Let b = 44 + 17. What is the units digit of b?
1
Let u(w) = -w - 4. Let l be u(-6). What is the tens digit of (-13)/l*-6 + -2?
3
What is the hundreds digit of (6/(-5))/((-9)/1035) + 3?
1
Suppose k + 94 = i + 4*k, -2*i = -3*k - 215. What is the tens digit of i?
0
Suppose -1068 - 534 = -9*m. What is the units digit of m?
8
Suppose -118 = 6*x - 424. What is the tens digit of x?
5
Suppose 3*d - 37 = -5*t, 0 = 5*d - 4*t + 5*t - 25. Suppose -30 = q + d*q. Let o = 13 + q. What is the units digit of o?
7
Let c = 57 + -35. What is the tens digit of c?
2
Let l(x) be the second derivative of x**4/12 + x**3/6 + x**2/2 - 4*x. What is the units digit of l(-4)?
3
Let b(k) = -3*k - 1. Let l = 5 + -6. Let h be b(l). Suppose h*y - 12 = -s - 2, -3*s - 6 = -3*y. What is the units digit of y?
4
Let c(m) = -m**3 - 9*m**2 - 11*m - 10. Let f be (12/(-10))/(6/40). What is the units digit of c(f)?
4
What is the units digit of -2 + 135/8 + (-2)/(-16)?
5
Suppose 2 + 2 = -2*p. Let x(s) = -2*s - 2. Let t be x(p). Suppose -t*n + 3*n = 13. What is the units digit of n?
3
Let j(h) = h**3 + 4*h - 2. What is the units digit of j(2)?
4
Let m(u) = u + 1. Suppose k + 8 = 3*k. What is the units digit of m(k)?
5
Let d be (-85)/2 + 2/4. Let p be (-2)/(-6) - d/9. Suppose -3*k - p = -2*b + 3, 2*b - 5*k - 4 = 0. What is the units digit of b?
7
Suppose -5*u - 4*g - 164 = 0, 100 = -u - 2*u - 2*g. Let s = u - -62. What is the tens digit of s?
2
Let u be 6 - (0 + -3 + 4). Suppose c + 16 = u*c. What is the units digit of c?
4
Let t = 1 - 0. Suppose 0 = o - t - 4. Suppose -18 = -2*s - 2*q, 0*s = -o*s - 3*q + 39. What is the units digit of s?
6
Let k = -96 + 217. What is the tens digit of k?
2
Let y be 86/(-10) + (-12)/30. Let h(k) = k**2 + 8*k - 2. What is the units digit of h(y)?
7
Suppose -2*f = -f - 5*g - 35, -45 = -4*f + g. What is the tens digit of f?
1
Let u be ((-1)/(-2))/(2/8). Suppose -u = 2*d - 8. Suppose 3 = 3*b + 5*j, 0 - 1 = -b + d*j. What is the units digit of b?
1
Suppose 17 = 5*y + w, 0 = -5*y - 2*w + 3*w + 13. Suppose y = -3*t + 6. What is the units digit of t - 3/(9/(-6))?
3
Suppose 0 = -3*z + 6, 5*k = z - 0*z - 217. Let p = -25 - k. What is the tens digit of p?
1
Suppose 980 = 5*g + 5*s, 0 = -0*g - 3*g - s + 598. What is the hundreds digit of g?
2
Let h = 5 + -12. Let u = 14 + h. Suppose -1 = 4*c - t - u, 2 = t. What is the units digit of c?
2
What is the tens digit of 661/3 - (-5)/(-30)*-4?
2
Let g(s) = -31*s**3 + s**2 - s - 1. What is the tens digit of g(-1)?
3
Suppose 2*q - 7 = -3. Suppose -4*l + 3*i = -165, q*l - 3*i - 62 - 19 = 0. What is the tens digit of l?
4
Suppose 2*r + 86 = 4*r. What is the units digit of r?
3
Let j(l) = 7*l + 4. Let f(a) = -8*a - 4. Let n(z) = -5*f(z) - 6*j(z). Let v be n(-4). Suppose -k + 7*i + 19 = 4*i, -5*i = v*k + 9. What is the units digit of k?
4
Let i = 7 + -1. Suppose 0 = 4*a - 2*a - i. Suppose -h = 2*u - 10, -h + a*u - 13 + 3 = 0. What is the units digit of h?
2
Let k(n) = -n**3 - n**2 - 1. Suppose -2*y - 2 = -6. Let i(b) = 8*b**3 + 2*b**2 + 1. Let z(l) = y*k(l) + i(l). What is the units digit of z(1)?
5
Let m(v) = -v + 9. Suppose -33 = -3*b + 4*t, 4*t = -3*b + 3 + 6. What is the units digit of m(b)?
2
Let q = -48 + 72. Let h = -17 + q. What is the units digit of h?
7
Let l be (-4)/10 + (-51)/(-15). Suppose -v = -l*v + 56. What is the units digit of v?
8
Let k be 514/4 - (-2)/4. Suppose -4*x + k = 45. Suppose 0 = c + 2*f - 9, -x = -4*c - 2*f + 21. What is the tens digit of c?
1
Suppose 4*o + 2*k = 92, -2*k - 62 = -3*o - 0*k. Suppose 0 = 2*s - 5*q - 39, 2*q - o + 4 = -4*s. What is the units digit of s?
7
Let s(w) = w**2 - 8*w + 15. What is the units digit of s(14)?
9
What is the units digit of (-1)/6 + (-97)/(-6)?
6
Let x be ((-4)/4)/((-2)/4). Let k(j) be the second derivative of -j**3/6 + 2*j**2 + j. What is the units digit of k(x)?
2
Suppose 2*q - 102 = -38. What is the tens digit of q?
3
Let j = 41 - 16. What is the units digit of j?
5
Let b = -1 - -10. Suppose s + b = 2*s. What is the units digit of s?
9
Suppose -4*a = -3*h - 17, -3*h - 7 = -a - a. What is the units digit of (0 + h)*1 - -1?
2
Suppose 0 = s - 23 + 13. What is the tens digit of s?
1
Let j be 4/(-14) + 46/14. Let t(u) = -u**3 + 5*u**2 - 2*u. What is the units digit of t(j)?
2
Let h(z) = z**2 - 4*z. Let n be h(5). Suppose 2*m + 3*m + 15 = -2*w, -n*w - 5*m = 0. Suppose w*b + 5*t = 40, 2*b + 0*t = -t + 20. What is the units digit of b?
2
What is the tens digit of 12/(-24)*(-28)/1?
1
Suppose -2*g = -6*g + 52. Suppose -5*y - g = -6*y. What is the tens digit of y?
1
What is the units digit of (-8)/(-20) + 906/10?
1
Suppose -4*n + 0 = 4*v - 36, -4*v = n - 45. What is the tens digit of v?
1
Let q = 5 + 58. What is the tens digit of q?
6
Let j(y) = y**2 + 4. What is the tens digit of j(5)?
2
Let i(x) = 3*x**2 - 4*x + 3. Let o = -5 - -11. Suppose o = 6*j - 3*j. What is the units digit of i(j)?
7
Suppose 4*s + 14 - 190 = 0. What is the units digit of (-4)/(-6) - s/(-6)?
8
Suppose g = 85 + 71. What is the tens digit of g?
5
Let f = 32 + -11. Suppose -3*z + f = -2*z. What is the units digit of z?
1
What is the tens digit of -158*(5/2 - 3) - -1?
8
What is the units digit of 1504/36 + -2 + 8/36?
0
Suppose 0 = -2*h + 15 + 9. What is the tens digit of h?
1
What is the units digit of 1149/21 + -4 - 4/(-14)?
1
Let u(b) = -2*b + 3. What is the tens digit of u(-4)?
1
Suppose c - 1560 = 1536. What is the units digit of c/81 - (-4)/(-18)?
8
Let r(t) be the third derivative of 0*t - 7/24*t**4 - 1/60*t**5 + 2*t**2 + 0 - 1/3*t**3. What is the units digit of r(-5)?
8
Let k = 1 - -4. Suppose -k*v + 99 = -2*v. What is the tens digit of v?
3
Suppose 4*p - 11 = 3*p. What is the tens digit of p?
1
Suppose r = -2*r + 12. Suppose 2*o - 8 = -5*h + o, -r*h - o = -6. What is the units digit of h + -4 + (-1 - -8)?
5
Let i(a) = a**3 - 3*a**2 - a + 24. What is the hundreds digit of i(6)?
1
Let r = 44 + -24. What is the tens digit of r?
2
Let j = 730 - 445. What is the tens digit of j?
8
Let m(l) = l**2 + l + 32. What is the tens digit of m(0)?
3
Suppose -20 = 2*l - 6*l. Suppose -2*y = -4*y + l*x + 35, 0 = 2*y + x - 53. What is the tens digit of y?
2
Suppose 2*h + 0 = 3*g - 2, 6 = 3*g - 3*h. What is the units digit of (13 - -1) + g/2?
3
Let f(l) = -l**3 + l**2 + 20. What is the units digit of f(0)?
0
Let d(m) = m**2 + 12*m + 9. Let n be d(-11). Let k = 12 - n. What is the tens digit of k?
1
Let t(j) = 9*j + 1. Let p be t(1). What is the units digit of p/(1 - (-3)/(-9))?
5
Let f(l) = -l**3 + 6*l**2 + 3. Suppose -10 = 2*y + y - 2*o, -4*y + 5*o - 18 = 0. Let x be (-11)/y + (-1)/(-2). What is the units digit of f(x)?
3
Let x be 2/9 + (-2)/9. Let j = 5 - 9. Let r = x - j. What is the units digit of r?
4
Let q(l) = 2*l**2 - 7*l - 6. Let x(c) = -3*c**2 + 15*c + 13. Let g(v) = 13*q(v) + 6*x(v). Let b be -2*(3/(-6) - 0). What is the units digit of g(b)?
7
Let x = -133 + 331. What is the units digit of x?
8
Let p = -14 - -8. Let a(h) = h**2 + 4*h - 1. What is the units digit of a(p)?
1
Suppose -4 - 5 = -b. What is the units digit of b?
9
Let x(g) = g**2 + 7*g + 8. Let z be x(-6). Suppose t = 3*t - z. Let r = t + 0. What is the units digit of r?
1
Let y(j) = -j**3 + 9*j**2 - 2*j - 6. Let s be 